+ 1932 = 0. What are the prime factors of o?
7, 23
Let r(u) be the second derivative of u**4/12 + u**3/3 + 3*u**2/2 - 6*u. Let s be r(-5). List the prime factors of s/(-24)*72/(-2).
3
Suppose -1044 = -4*r + 2*f, 0 = -3*r - 2*r - 5*f + 1335. Let b = -421 + r. List the prime factors of b/(-14) + 8/(-28).
11
Suppose 15*k - 17*k + 94 = 0. Suppose m + 2*g = k - 4, -4*m - 2*g + 190 = 0. List the prime factors of m.
7
Suppose 311*h + 952 = 315*h. What are the prime factors of h?
2, 7, 17
What are the prime factors of 5 + 14824/40 - (-4)/10?
2, 47
Suppose 13 - 29 = -4*i, -2*i = 4*h - 16. Suppose -h*q - 4 = -12. Suppose -3*v - 14 = -5*j, q*v - 8 - 16 = -4*j. List the prime factors of v.
2
Suppose -4*d + 1008 = 3*r, -3*d + 377 = 3*r - 376. List the prime factors of d.
3, 5, 17
Suppose 3*i + i = 104. Let w = 211 - 232. Let o = i - w. List the prime factors of o.
47
Suppose -10*r + 823 = 193. List the prime factors of r.
3, 7
Suppose -4*i = 1 - 29. Suppose -j = -2*j + i. What are the prime factors of (-358)/(-14) - 4/j?
5
Suppose -5884 = -4*u - 5*k, -2*u - 10*k + 2942 = -7*k. List the prime factors of u.
1471
What are the prime factors of 1/((-1)/(-5))*686?
2, 5, 7
Let m be 1 - -698*3/6. Suppose 5*d = 3*d - 5*v + m, 3*v = 0. Suppose d = 4*n + 63. What are the prime factors of n?
2, 7
Let p = 44 - 36. Suppose -p*q + 597 - 53 = 0. List the prime factors of q.
2, 17
Suppose -2*z + 67 = -j, -2*z + 132 = -2*j + 3*z. Let v = 18 - j. What are the prime factors of v?
89
Suppose 74*a = 78*a. Suppose -w - 3 = 0, a = 4*o - 3*w - 0*w - 173. What are the prime factors of o?
41
Let r(d) = 942*d - 21. What are the prime factors of r(2)?
3, 23
Suppose -3*l - 813 = -3*k, 0 = -0*l - 3*l + 9. What are the prime factors of k?
2, 137
Let y(a) = 41*a - 93. List the prime factors of y(15).
2, 3, 29
Let i be 0/(-3) - 13*1*-12. Suppose 2*k = 58 + i. List the prime factors of k.
107
Suppose 4*w = -w + 60. Suppose 0 = 14*g - w*g - 238. What are the prime factors of g?
7, 17
Suppose 0 = -6*d - 376 + 1612. What are the prime factors of d?
2, 103
Let j(d) = 41*d**2 - 3*d - 17. Let o(p) = -14*p**2 + p + 6. Let s(t) = 3*j(t) + 8*o(t). What are the prime factors of s(-3)?
3, 11
Let f(o) = -8*o**2 + 3*o + 11. Let h(l) = -3*l**2 + l + 4. Let u(j) = 6*f(j) - 17*h(j). Suppose 0*d + 4 = 4*d. What are the prime factors of u(d)?
2
Let l = -1363 + 2317. List the prime factors of l.
2, 3, 53
Suppose -4*q + 49 = l - 0*q, 0 = q + 2. Suppose 2*n = 3*x + 133, -3*x + l = n - 23. Suppose 5 = 4*t - n. What are the prime factors of t?
19
Let i(w) be the first derivative of -w**3/3 - 19*w**2/2 - 9*w + 4. List the prime factors of i(-9).
3
Let p(h) be the first derivative of h**4/4 - 2*h**3 + 3*h**2/2 + 7*h + 41. Suppose -5*r - 11 = -41. List the prime factors of p(r).
5
Let s(f) be the first derivative of -f**3/3 + 5*f**2 + 5*f + 8. Let c be s(8). Let t = c + -1. What are the prime factors of t?
2, 5
Suppose -18599 - 43731 = -23*y. What are the prime factors of y?
2, 5, 271
Let a = -1227 - -2793. List the prime factors of a.
2, 3, 29
Suppose 0 = -5*b - 20, -11*g - 4*b - 1208 = -13*g. List the prime factors of g.
2, 149
Let x be (4 - 1)*9/(-9). What are the prime factors of ((-3572)/(-38))/(x/((-6)/4))?
47
What are the prime factors of ((-23480)/(-160))/((-2)/(-16))?
2, 587
Let h be 0 - -21 - (5 - 0 - 3). Let s(j) = j**2 - 18*j + 61. What are the prime factors of s(h)?
2, 5
Let o(z) = z**3 - 6*z**2 + 2*z + 1. Let w be o(4). Let l = -14 - w. List the prime factors of l.
3
Let f = -78 - -146. Let p(c) = -2*c + 24. Let y be p(10). Suppose 0*o = -y*o + f. List the prime factors of o.
17
Let c be 21/(-35) + (-21)/15 + 4. Suppose -408 = -c*y + 2*l, 0*y + 616 = 3*y + l. What are the prime factors of y?
5, 41
Let h = 31 + -26. Suppose -h*s + 113 = 2*o, 5*o + 3*s - 291 = -s. List the prime factors of o.
59
Suppose 0 = -u + 3*w + 378, -4*u + 0*w + 1523 = -w. What are the prime factors of u?
3, 127
Let t = 13 + -10. Suppose -2*z + 286 = 5*x, -t*z + 8*z + 10 = 0. List the prime factors of x.
2, 29
Let u = 43 - -77. Suppose -u = -5*o + 4*o. List the prime factors of o.
2, 3, 5
Suppose 11*a - 15*a + 1968 = 0. What are the prime factors of a?
2, 3, 41
Suppose -4*a - 13 = -4*p - 3*a, p = 2*a - 2. Suppose -3*g - 5*s = -533, 0*g - 4*s = -p*g + 668. What are the prime factors of g?
3, 19
Let x(l) = l + 8. Let k be x(-4). Suppose 0*d + d = -5*t + 61, -k*d + 4*t + 244 = 0. List the prime factors of d.
61
Let p(q) = 2*q + 1. Let c be p(3). Let v(b) = c*b - 7*b + b - b**3 + b**2 + 28. List the prime factors of v(0).
2, 7
Suppose -14 = -3*f + 40. Let x be (-276)/(-10) - 18/30. Suppose 3*b - x = -2*h, 0 = b - 4*b - 5*h + f. List the prime factors of b.
11
Let f(j) = -9*j - 6. Let p(y) = 2*y + 1. Let t(n) = 4*f(n) + 21*p(n). What are the prime factors of t(9)?
3, 17
Let v(t) = -t**3 - 15*t**2 - 15*t - 11. Let u be v(-14). Suppose y + 0*f = -5*f + 36, u*y + 3*f = 108. List the prime factors of y.
2, 3
Let h(y) = -324*y + 20. What are the prime factors of h(-2)?
2, 167
Let s(y) = 4*y**2 - 4*y + 9. Let z = -18 - -10. Let l be s(z). List the prime factors of (-1)/(-4) + l/12.
5
Let s(h) = -17*h + 3. Let y be s(2). Let a = 51 + y. List the prime factors of a.
2, 5
Let t(p) = 2*p + 18. Let a be t(-8). Suppose 39 = -a*y - 15. Let i = y - -38. What are the prime factors of i?
11
Let l = 410 + -408. Let n be 4/14 - (-26)/7. Suppose 0 = -n*p + k + 52, -7*p + k + 65 = -l*p. List the prime factors of p.
13
Suppose 133*u - 127*u = 906. What are the prime factors of u?
151
Let c be (-2)/5 - 204/15. Let a(m) = m**3 - 7*m**2 + 7*m + 4. Let q be a(4). Let s = c - q. List the prime factors of s.
2
Let a = 426 + -202. List the prime factors of a.
2, 7
Suppose 4*s + 52 = 3*c, 3*c - c = 3*s + 36. Let r = c - 14. List the prime factors of (-1)/r + (-99)/(-2).
2, 5
Let j(c) = -c**3 + 17*c**2 - 12*c + 31. Suppose 240 = -6*u + 21*u. What are the prime factors of j(u)?
5, 19
Let k = -4 - -1. Let r(i) = -8*i - 4. Let p be r(k). List the prime factors of p/(-8)*(-12)/2.
3, 5
Let n(d) = -d**2 - d + 85. Let q be n(0). Let g = q - 28. What are the prime factors of g?
3, 19
Let u(f) = -243*f - 1259. List the prime factors of u(-11).
2, 7, 101
Let z = 0 + 1. Let i(g) = g**2 - 1. Let k be i(z). Suppose -11*m + 9*m + 88 = k. List the prime factors of m.
2, 11
Suppose -s = -3, -4*o - 2667 = 2*s - 18165. List the prime factors of o.
3, 1291
Let p(r) = r**3 - 13*r**2 + 9*r - 18. Let k be p(13). Suppose c = 2*g - 89, 2*g + c - k = 4*c. What are the prime factors of g?
2, 3, 7
Let l(j) be the first derivative of j**3/3 + 6*j**2 - 1. Let b be l(-13). Suppose -4*i + b = -111. What are the prime factors of i?
31
Suppose -y - 3*r - 2*r - 17 = 0, y = r - 5. Suppose 0 = 4*f + 22 + 30. Let c = y - f. List the prime factors of c.
2, 3
Suppose -11*l - 2109 = -9820. List the prime factors of l.
701
Suppose y = 6*y - 100. Suppose 12 + y = 2*u. Suppose -m + 4*r + 8 + 11 = 0, m - u = 3*r. What are the prime factors of m?
7
Let i be ((-1)/4 + -1)/((-2)/8). Suppose 4*f = -i*d + 563, -5*f - 5*d + 443 = -262. What are the prime factors of f?
2, 71
Let c be -7 + (-3 - (-3 - -1)). Let n = 1 - c. Let p = n + 24. List the prime factors of p.
3, 11
Suppose 6*u = -13*u + 18316. What are the prime factors of u?
2, 241
What are the prime factors of ((-30)/25)/((-7)/(4550/4))?
3, 5, 13
Suppose 0 = -10*t + 13167 + 5283. List the prime factors of t.
3, 5, 41
Let w(u) = 113*u + 4. What are the prime factors of w(1)?
3, 13
Let u = -3277 + 4889. What are the prime factors of u?
2, 13, 31
Let q(u) = -9*u**3 - 3*u**2 + 7*u - 2. Let f(j) = -19*j**3 - 6*j**2 + 15*j - 4. Let g(c) = 6*f(c) - 13*q(c). What are the prime factors of g(3)?
107
Suppose 5*r + y - 1150 = 0, y + 619 + 531 = 5*r. What are the prime factors of r?
2, 5, 23
Let n(y) = -y**3 - 6*y**2 - 3*y + 4. Let t be n(-4). Let m = t - -19. Suppose -m - 27 = -2*a. What are the prime factors of a?
3, 5
Let q(g) = 28 - 5*g - g**3 - 14 - 6*g**2 + 14*g. What are the prime factors of q(-8)?
2, 5, 7
Suppose -3*u = -2*u - 2. Suppose -5*h + u = -0*o - o, -5*o = 5*h - 20. Suppose v = -5*i + 2*v + 193, -v + 111 = o*i. List the prime factors of i.
2, 19
Let u = 43 + -41. Let a = 19 - 10. What are the prime factors of (11 - a)*u*7?
2, 7
Suppose 2*r = -3*r -